 Let y be x + (-12)/(-8)*2. Let k(n) = -3 + 11 + y - n + 0. What is k(6)?
3
Let z = -1 - -9. Let r(x) = 9 + 3 - z + x. What is r(-2)?
2
Suppose -4 = -3*c + 2*c. Let j(q) be the third derivative of -1/3*q**3 + 0*q + 6*q**2 + 1/4*q**4 + 0 - 1/60*q**5. Give j(c).
6
Let a be -6 + (16 - 32/4). Let q(m) = -2*m**2 + 4*m - 2. What is q(a)?
-2
Let m(u) = -25 + 26 + 139*u**2 + u - 140*u**2. What is m(-1)?
-1
Let l(g) = -g**3 - 8*g**2 - 9*g - 4. Suppose 2*n = -o - 3 - 0, -2*n = 4. Let j be -4 + o*(5 - 2 - 6). What is l(j)?
10
Suppose 0 = i - 5*r - 23, -16 + 3 = -i - 5*r. Let u be ((-42)/15)/(18/(-45)). Suppose k - i = u*k. Let v(z) = z**3 + 3*z**2 - z. Give v(k).
3
Let m(o) = 229*o**2 + 0*o - 207*o**2 - o**3 + o - 31. Determine m(22).
-9
Let y(k) = 24*k + 2. Let h be y(1). Let p = h + -20. Let f(d) = d + 1. Give f(p).
7
Let c(v) be the first derivative of 3*v**4/4 - 7*v**3/3 + v**2/2 - 13*v - 22. Let t(k) = -2*k**3 + 4*k**2 + 7. Let d(r) = -3*c(r) - 5*t(r). Calculate d(-3).
-5
Let n(i) be the third derivative of i**4/8 - 5*i**3/6 + 28*i**2. Give n(-4).
-17
Let r(d) be the second derivative of d**3/6 + d**2 + 6*d. Let a(z) = z + 1. Let k(x) = -2*a(x) + 3*r(x). Give k(-7).
-3
Suppose 4*w = -23 + 15. Let f be (w/6)/(2/24). Let y(s) = s**3 + 5*s**2 + 5*s - 3. Determine y(f).
-7
Let w(y) = 703 + 717 - 1417 + y. Suppose 5 = -4*j + 25. Calculate w(j).
8
Let u(c) = 5 - c**3 - 6*c + 4*c - 2*c + c**2 + 5*c. What is u(0)?
5
Let h(m) be the third derivative of -m**4/8 - 5*m**3/2 + 447*m**2. What is h(0)?
-15
Let j(z) = -4*z - 10. Let i(k) = -7*k - 19. Let h(l) = -3*i(l) + 5*j(l). Suppose 3*x = 4*f + 23, 5*f - 2*f - 5*x + 20 = 0. Calculate h(f).
2
Let l = -2 - -4. Suppose 5*p + 3*i + 5 = 0, l*p - p + 3*i = -13. Let y(n) = 0*n**3 - 6*n + 7*n - n**3 + 4 - 5*n**p. Calculate y(-5).
-1
Suppose 0 = 5*r + 31*r + 288. Let k(l) = l**2 + 10*l + 20. What is k(r)?
4
Let h(r) = 0*r**2 + 2*r**2 + r**3 + 0 + 1 - 2*r. Let z = 1047 - 1050. What is h(z)?
-2
Let p(v) be the second derivative of v**5/20 + 3*v**4/4 + 4*v**3/3 - 3*v**2/2 - 22*v. Let l = 16 + -24. What is p(l)?
-3
Suppose -210 = -4*i + 19*i. Let v(r) = -r**2 - 14*r. Calculate v(i).
0
Let v(x) be the second derivative of -7*x**6/720 + x**5/30 + 19*x**4/12 + 22*x. Let r(f) be the third derivative of v(f). What is r(3)?
-17
Let v(d) = 1 - 2237*d + 4475*d - 2237*d - 2*d**2. Calculate v(2).
-5
Let h(z) = z**2 - 6*z + 1. Let m(c) = c**3 - 3*c**2 - 6*c - 3. Let k be m(5). Let y = k + -10. Determine h(y).
8
Let g(p) = -70 - 6*p - p**3 - 2715*p**2 + 2725*p**2 + 70. Determine g(9).
27
Let z(t) = t**3 - 1. Let x(u) = 6*u**3 - 6*u**2 - u - 7. Let d(v) = x(v) - 5*z(v). What is d(3)?
-32
Let u(o) be the second derivative of -o**3/3 - 7*o**2/2 + 2*o + 166. Calculate u(-3).
-1
Let k(p) = -p**2 - 1. Let w(q) = -q**3 + 11*q**2 + 3*q. Let d(m) = 3*k(m) + w(m). Calculate d(8).
21
Suppose -2*p = -p - 5*n + 24, -4 = p - n. Let y be -8*((-2)/p)/4. Let q(c) = -c**2 + 5*c - 2. Give q(y).
2
Let p(k) be the second derivative of k**7/2520 - k**6/240 + k**5/60 + 5*k**4/12 - 6*k. Let s(v) be the third derivative of p(v). Let d = -2 - -5. What is s(d)?
2
Let g(t) = 6*t**3 - 13*t**2 - 4*t. Let k(v) = v**3 - v**2 - v + 1. Let z(h) = g(h) - 5*k(h). Let f be z(8). Let c(l) = -l**3 + 3*l**2 - 3*l + 2. Calculate c(f).
-7
Let r(a) = -33*a + 28*a + 19*a**2 - 18*a**2. Let d(t) = t**3 + 5*t**2 - t - 2. Let g be d(-5). Give r(g).
-6
Suppose 2*b - 8 = 3*n - 31, 5 = -b - 5*n. Let y(x) = -x**3 + 12*x**2 - 2*x - 6. Let j(k) = k**3 - k**2 + k + 1. Let a(c) = 2*j(c) + y(c). Calculate a(b).
-4
Let k(i) = i**2 + 1. Suppose 10*x + 12 = 16*x. Let p(s) = s**2 + 5*s - 5. Let h(t) = x*k(t) - p(t). Calculate h(5).
7
Suppose c = 3*b - 10, 3*c + 7 = -b - 3. Let g(d) = -d - d - b - 1 - 7. Calculate g(-9).
8
Let n(x) = -2*x - 5. Let r be n(-4). Let u(d) = 8*d**2 + 3 - 14*d - 7*d**2 - 12*d + 21*d. Give u(r).
-3
Let c(w) = w**3 - 5*w**2 + 5*w - 5. Let u be c(4). Let t(p) = -p - 3. Let f(n) = n. Let k(m) = u*f(m) + t(m). Give k(-5).
7
Let v(x) be the third derivative of -x**6/120 - x**5/20 + x**4/8 + x**3/6 - 14*x**2. Let t be (12/(-24))/((-1)/(-8)). Calculate v(t).
5
Let r(g) be the second derivative of g**4/12 + g**3/2 - 5*g**2 - 145*g. Give r(-5).
0
Let w(g) = -22*g**2 - g. Suppose 47*l - 45*l - 2 = 0. Calculate w(l).
-23
Let u(s) = -34*s + 6. Let m be u(-2). Let b(i) = -6*i**2 + 10 - i**2 - 75*i**3 + m*i**3. What is b(-7)?
10
Let g = 262 - 784/3. Let b(j) be the second derivative of 5*j + 1/3*j**4 + 0 - 1/20*j**5 + 3/2*j**2 - g*j**3. What is b(3)?
0
Let v(o) = o**3 + 2*o**2 - 2*o - 5. Suppose -75 = 31*f + 18. Give v(f).
-8
Let n be 84/15 - 4/(-10). Let y(w) = 0 - w - 5 + n. Let i be (105/(-126))/((-2)/12). Determine y(i).
-4
Let d(t) be the third derivative of t**4/6 - 2*t**3 - 11*t**2 + 20*t. Suppose -g = -6*g + 40. What is d(g)?
20
Let z(i) = 12*i**2 + 18*i + 18. Let n(u) = 17*u**2 + 27*u + 27. Let l(t) = -5*n(t) + 7*z(t). Give l(-8).
-1
Let f = 33 - 9. Suppose -3*x + 6 = -f. Let c(n) = n**2 - 9*n - 11. Calculate c(x).
-1
Let v(w) = -20 - 30 + 32 + 3*w. Give v(5).
-3
Let h = -1 - -26. Suppose 109 - h = -12*b. Let d(a) = a**3 + 6*a**2 - 6*a - 5. Give d(b).
-12
Let z = -6 + 8. Let i(g) = -3*g + 3*g**3 + 50*g**2 - 51*g**z - g**3 + g. What is i(2)?
8
Let l be 36/(-9)*((-7)/(-2) + -3). Let y(m) = m**3 + 4 - 3*m**2 - 2 - 3*m**3. Calculate y(l).
6
Let t(j) = -5*j**2 + 15*j - 1. Let q(x) = -4*x**2 + 13*x. Let u(m) = -6*q(m) + 5*t(m). What is u(-7)?
-33
Suppose -2*z + l - 20 = 0, -5*l - 10 + 30 = 0. Let c(s) = 3*s - 13. Let x(p) = -8 - 6 + 4*p - 2*p + 2*p. Let b(t) = 5*c(t) - 4*x(t). What is b(z)?
-1
Let z(o) = o - 6. Let h(b) be the first derivative of -3*b + 2*b**3 + 4*b**2 - 1/4*b**4 - 2. Let p be h(7). What is z(p)?
-2
Suppose -5*n - 22 = -4*g - 3, -65 = -5*g - 2*n. Let k(r) = -4 + g*r - 11*r - r. Suppose 0 = 3*d - 2*y + 22, 4*d + 3*y - 2*y + 11 = 0. Give k(d).
0
Let i be ((-12)/20)/((-3)/15). Let g(d) = 0 - 2 - 178*d + 176*d + 3 + d**i. Give g(1).
0
Let n(r) = 12*r**3 - 2*r**2 + r. Suppose -3*z + 22 = 10. Suppose c + 2 + z = 0. Let q = c - -7. Give n(q).
11
Suppose -79*w + 87*w + 16 = 0. Let p(n) = 3 + 0 + 0*n + 4*n. Determine p(w).
-5
Suppose -6 = -3*f - 5*k, -5*f + 7*k + 10 = 2*k. Let b(m) = -3*m + 1. Calculate b(f).
-5
Let c(t) be the second derivative of -t**4/12 - 7*t**3/6 + 3*t**2/2 + 37*t. Calculate c(-7).
3
Let h(n) = -3*n + n**3 - n**3 + 0 - 11 + n**3 + 2*n**2 + 5*n**2. Determine h(-7).
10
Let d = -3 - -2. Let c(z) be the second derivative of 0 + 0*z**3 - 9*z + 1/2*z**2 - 9/20*z**5 - 1/6*z**4. Calculate c(d).
8
Let h(u) = 4*u**3 + 2*u**2 - 3*u - 15. Let b(j) = 9*j**3 + 6*j**2 - 8*j - 32. Let a(l) = 3*b(l) - 7*h(l). Give a(4).
-3
Suppose 220 = 3*p + 7. Suppose -p = -2*w - 23. Suppose -5*l + w = o, l = -3*o - 0*l + 2. Let a(q) = -5*q**2 - 2*q - 1. Calculate a(o).
-4
Let t(y) be the third derivative of y**6/120 - y**5/120 + y**4/24 + 8*y**2. Let h(k) be the second derivative of t(k). Give h(-2).
-13
Let z(d) be the second derivative of d**4/12 - 3*d**2 + 29*d - 1. Give z(3).
3
Let r = -83/14 - -59/7. Let h(u) be the second derivative of 0 + 2*u - r*u**2 - 1/3*u**3 + 1/12*u**4. What is h(4)?
3
Let t(i) be the second derivative of i**5/20 + i**4/2 - 95*i. Suppose h = -3*h - 24. Determine t(h).
0
Let g(y) = -3*y - 11. Let n be g(-5). Let v(r) = n*r**2 - 6 + 5 - r - 2*r**2 - 3*r**2 - r**3. What is v(0)?
-1
Let y(l) = 2*l + 13. Let s be ((-156)/(-130))/(2/(-15)). Give y(s).
-5
Let f(v) = 10*v + 5. Suppose 6 = 101*i - 104*i. Determine f(i).
-15
Let q(w) = 12*w + 1. Suppose 0 = s, 4*m - 3*m = 5*s + 30. Let g be 9/(27/m) - 3. Suppose 4*a - 7 = 3*h, 3*h - 2*a - 2 = -g*a. Calculate q(h).
-11
Let l(c) = -c + 11. Let g be l(8). Let p(d) = -d + d**3 + g*d**2 + 44 - 47 - 3*d**2. Calculate p(0).
-3
Let d(w) be the second derivative of w**4/12 + w**3 + 4*w**2 + 48*w. What is d(-5)?
3
Let r(k) = 3*k. Let z(b) = -6*b - 2. Let d(f) = 14*r(f) + 8*z(f). What is d(-2)?
-4
Suppose x + 7 = 3*c, 0 = 4*c + 3*x - 6*x - 11. Let s(u) = -4 + 12*u - 12*u - c*u. What is s(-3)?
2
Suppose 4*n + 3*z - 35 = 0, -7 = -n + 3*z + 13. Let w(x) = -9*x + n*x - 3 + 0 - 5. Determine w(6).
4
Let w(c) be the first derivative of -c**4/12 + 5*c**3/6 + c**2/2 + 17*c + 33. Let s(f) be the first derivative of w(f). Calcula